{"id":41370,"date":"2025-04-08T09:32:49","date_gmt":"2025-04-08T07:32:49","guid":{"rendered":"https:\/\/revela-t.cat\/2025\/?page_id=41370"},"modified":"2025-04-08T14:16:17","modified_gmt":"2025-04-08T12:16:17","slug":"transparence","status":"publish","type":"page","link":"https:\/\/revela-t.cat\/2025\/fr\/transparence\/","title":{"rendered":"Transparence"},"content":{"rendered":"<p>[et_pb_section fb_built=&#8221;1&#8243; admin_label=&#8221;Section&#8221; module_class=&#8221;body-content&#8221; _builder_version=&#8221;4.20.2&#8243; _module_preset=&#8221;default&#8221; width=&#8221;1500px&#8221; max_width=&#8221;100%&#8221; module_alignment=&#8221;center&#8221; custom_margin=&#8221;||0px||false|false&#8221; custom_padding=&#8221;48px||34px||false|false&#8221; locked=&#8221;off&#8221; global_colors_info=&#8221;{}&#8221;][et_pb_row _builder_version=&#8221;4.20.2&#8243; _module_preset=&#8221;default&#8221; width=&#8221;100%&#8221; max_width=&#8221;2560px&#8221; custom_margin=&#8221;0px|0px|0px|0px|false|false&#8221; custom_padding=&#8221;0px|0px|0px|0px|false|false&#8221; global_colors_info=&#8221;{}&#8221;][et_pb_column type=&#8221;4_4&#8243; _builder_version=&#8221;4.19.4&#8243; _module_preset=&#8221;default&#8221; global_colors_info=&#8221;{}&#8221;][et_pb_text module_class=&#8221;title&#8221; _builder_version=&#8221;4.27.4&#8243; _module_preset=&#8221;default&#8221; text_text_color=&#8221;#000000&#8243; custom_padding=&#8221;||10px||false|false&#8221; custom_css_main_element=&#8221;@media (max-width: 2000px) {||.body-content {||  width: calc(100vw &#8211; 80px);||  margin: 0 40px 0 40px;||}||}&#8221; border_width_bottom=&#8221;1px&#8221; border_color_bottom=&#8221;#000000&#8243; global_colors_info=&#8221;{}&#8221;]<\/p>\n<h1><span style=\"color: #000000;\"><strong>Transparence Revela&#8217;t 2024<br \/><\/strong><\/span><\/h1>\n<p>[\/et_pb_text][\/et_pb_column][\/et_pb_row][\/et_pb_section][et_pb_section fb_built=&#8221;1&#8243; admin_label=&#8221;Section&#8221; module_class=&#8221;body-content&#8221; _builder_version=&#8221;4.20.2&#8243; _module_preset=&#8221;default&#8221; width=&#8221;1500px&#8221; max_width=&#8221;100%&#8221; module_alignment=&#8221;center&#8221; custom_margin=&#8221;0px|0px|0px|0px|false|false&#8221; custom_padding=&#8221;0px|0px|90px|0px|false|false&#8221; global_colors_info=&#8221;{}&#8221;][et_pb_row _builder_version=&#8221;4.20.2&#8243; _module_preset=&#8221;default&#8221; width=&#8221;100%&#8221; max_width=&#8221;2560px&#8221; custom_margin=&#8221;0px|0px|0px|0px|false|false&#8221; custom_padding=&#8221;0px|0px|23px|0px|false|false&#8221; locked=&#8221;off&#8221; global_colors_info=&#8221;{}&#8221;][et_pb_column type=&#8221;4_4&#8243; _builder_version=&#8221;4.19.4&#8243; _module_preset=&#8221;default&#8221; global_colors_info=&#8221;{}&#8221;][\/et_pb_column][\/et_pb_row][et_pb_row column_structure=&#8221;1_2,1_2&#8243; _builder_version=&#8221;4.20.2&#8243; _module_preset=&#8221;default&#8221; width=&#8221;100%&#8221; max_width=&#8221;100%&#8221; module_alignment=&#8221;left&#8221; min_height=&#8221;0px&#8221; custom_margin=&#8221;0px||0px|0px|false|false&#8221; custom_padding=&#8221;0px||0px|0px|false|false&#8221; global_colors_info=&#8221;{}&#8221;][et_pb_column type=&#8221;1_2&#8243; _builder_version=&#8221;4.19.4&#8243; _module_preset=&#8221;default&#8221; global_colors_info=&#8221;{}&#8221;][et_pb_text module_class=&#8221;text&#8221; _builder_version=&#8221;4.27.4&#8243; _module_preset=&#8221;default&#8221; width=&#8221;100%&#8221; max_width=&#8221;100%&#8221; custom_margin=&#8221;0px|0px|0px|0px|false|false&#8221; custom_padding=&#8221;0px|0px|0px|0px|false|false&#8221; custom_css_main_element=&#8221;margin-right: 20px !important;&#8221; global_colors_info=&#8221;{}&#8221;]<\/p>\n<p class=\"p1\">\u00c0 l&#8217;Association Photographique EspaiFoto, nous comprenons que la transparence est une valeur fondamentale pour la confiance et la durabilit\u00e9 de notre projet culturel. C&#8217;est pourquoi nous souhaitons partager de mani\u00e8re claire et accessible les informations li\u00e9es \u00e0 la gestion \u00e9conomique et organisationnelle du Festival Revela\u2019T.<\/p>\n<p class=\"p1\"><strong>Gestion \u00e9conomique<\/strong><\/p>\n<p class=\"p1\">Le festival dispose d&#8217;une structure de financement bas\u00e9e sur des subventions publiques, des sponsors priv\u00e9s, des revenus propres (comme les inscriptions et la vente de mat\u00e9riel) et, les ann\u00e9es pr\u00e9c\u00e9dentes, des contributions en nature.<\/p>\n<p class=\"p1\">En 2024, le budget ex\u00e9cut\u00e9 a \u00e9t\u00e9 de 227 447,57 \u20ac, avec un bilan totalement \u00e9quilibr\u00e9, c&#8217;est-\u00e0-dire que tous les revenus ont couvert int\u00e9gralement les d\u00e9penses sans g\u00e9n\u00e9rer de d\u00e9ficit ni de surplus.<\/p>\n<p class=\"p1\"><strong>Revenus<\/strong><\/p>\n<p class=\"p1\">Les principales sources de revenus ont \u00e9t\u00e9 :<\/p>\n<ul class=\"ul1\">\n<li class=\"li1\">Generalitat de Catalunya (OSIC): 67.211,00 \u20ac<\/li>\n<li class=\"li1\">Mairie de Vilassar de Dalt: 34.000,00 \u20ac<\/li>\n<li class=\"li1\">Minist\u00e8re de la Culture: 30.000,00 \u20ac<\/li>\n<li class=\"li1\">D\u00e9putation de Barcelone: 20.000,00 \u20ac<\/li>\n<li class=\"li1\">Sponsors et autres entit\u00e9s: 11.805,00 \u20ac<\/li>\n<li class=\"li1\">Revenus propres (inscriptions, vente de mat\u00e9riel, etc.): 64.431,57 \u20ac<\/li>\n<\/ul>\n<p class=\"p1\"><strong>D\u00e9penses<\/strong><\/p>\n<p class=\"p1\">Les postes de d\u00e9penses les plus importants ont \u00e9t\u00e9 :<\/p>\n<ul class=\"ul1\">\n<li class=\"li1\">Organisation et direction: 64.139,21 \u20ac<\/li>\n<li class=\"li1\">Honoraires artistiques, direction et production: 44.318,14 \u20ac<\/li>\n<li class=\"li1\">Montage et d\u00e9montage: 23.316,82 \u20ac<\/li>\n<li class=\"li1\">Communication et design: 28.990,66 \u20ac<\/li>\n<li class=\"li1\">Autres co\u00fbts op\u00e9rationnels et de gestion: 66.682,74 \u20ac<\/li>\n<\/ul>\n<p class=\"p1\">Chaque d\u00e9pense a \u00e9t\u00e9 assign\u00e9e de mani\u00e8re efficace, en priorisant la qualit\u00e9 artistique et la durabilit\u00e9 \u00e9conomique.<\/p>\n<p class=\"p1\"><strong>Contributions en nature<\/strong><\/p>\n<p class=\"p1\">tEn 2024, aucune contribution en nature n\u2019a \u00e9t\u00e9 comptabilis\u00e9e formellement, bien que des \u00e9valuations aient \u00e9t\u00e9 faites les ann\u00e9es pr\u00e9c\u00e9dentes:<br \/>54 707,45 \u20ac en 2022 (selon l\u2019\u00e9tude d\u2019Artimetria) et 106 189 \u20ac en 2023. Si cette valeur \u00e9tait maintenue, le budget total du projet s\u2019\u00e9l\u00e8verait \u00e0 333 636,57 \u20ac.<\/p>\n<p class=\"p1\"><strong>Engagement<\/strong><\/p>\n<p class=\"p1\">Revela\u2019T continue de cro\u00eetre, mais cela se fait avec rigueur et responsabilit\u00e9. Tous les processus de planification, d\u2019ex\u00e9cution et de justification sont soumis \u00e0 des audits, des contr\u00f4les internes et \u00e0 un suivi institutionnel, dans le but de garantir une gestion transparente, efficace et align\u00e9e avec les valeurs culturelles et sociales du projet.<\/p>\n<p>[\/et_pb_text][\/et_pb_column][et_pb_column type=&#8221;1_2&#8243; _builder_version=&#8221;4.19.5&#8243; _module_preset=&#8221;default&#8221; global_colors_info=&#8221;{}&#8221;][et_pb_gallery gallery_ids=&#8221;41262,41263,41264,41265,41266,41267&#8243; fullwidth=&#8221;on&#8221; _builder_version=&#8221;4.27.4&#8243; _module_preset=&#8221;default&#8221; width=&#8221;900px&#8221; max_width=&#8221;100%&#8221; module_alignment=&#8221;left&#8221; custom_margin=&#8221;||||false|false&#8221; custom_padding=&#8221;||70px||false|false&#8221; auto=&#8221;on&#8221; auto_speed=&#8221;6000&#8243; custom_css_main_element=&#8221;height: fit-content !important;&#8221; locked=&#8221;off&#8221; global_colors_info=&#8221;{}&#8221;][\/et_pb_gallery][et_pb_button button_url=&#8221;https:\/\/revela-t.cat\/2025\/wp-content\/uploads\/2025\/04\/transparencia-Revelat-24.pdf&#8221; url_new_window=&#8221;on&#8221; button_text=&#8221;T\u00e9l\u00e9chargez le dossier en PDF.&#8221; button_alignment=&#8221;center&#8221; _builder_version=&#8221;4.27.4&#8243; _module_preset=&#8221;default&#8221; custom_button=&#8221;off&#8221; custom_margin=&#8221;||50px||false|false&#8221; hover_enabled=&#8221;0&#8243; box_shadow_style=&#8221;preset1&#8243; box_shadow_vertical=&#8221;0px&#8221; box_shadow_blur=&#8221;5px&#8221; box_shadow_spread=&#8221;1px&#8221; locked=&#8221;off&#8221; global_colors_info=&#8221;{}&#8221; sticky_enabled=&#8221;0&#8243;][\/et_pb_button][et_pb_text module_class=&#8221;text&#8221; _builder_version=&#8221;4.27.4&#8243; _module_preset=&#8221;default&#8221; global_colors_info=&#8221;{}&#8221;]<\/p>\n<p><strong>Retour<\/strong><\/p>\n<p>Le Festival Revela\u2019T re\u00e7oit une subvention de 40 000 \u20ac gr\u00e2ce \u00e0 un accord avec la Mairie de Vilassar de Dalt, attirant 108 222,61 \u20ac suppl\u00e9mentaires provenant d&#8217;autres administrations publiques, g\u00e9n\u00e9rant un effet \u00e9conomique direct total de 249 643,37 \u20ac et un impact \u00e9conomique total sur la production estim\u00e9 \u00e0 356 990,02 \u20ac. Il est soulign\u00e9 que pour chaque \u20ac investi par cette institution, le retour sur investissement (ROI) est de 1:8,9. Ces donn\u00e9es sont d\u00e9taill\u00e9es dans l\u2019\u00ab \u00c9tude des impacts du Festival Revela\u2019T \u00bb, \u00e9labor\u00e9e par Artmetria avec le soutien de la D\u00e9putation de Barcelone..<\/p>\n<p>[\/et_pb_text][\/et_pb_column][\/et_pb_row][et_pb_row _builder_version=&#8221;4.19.4&#8243; _module_preset=&#8221;default&#8221; width=&#8221;100%&#8221; max_width=&#8221;2560px&#8221; custom_margin=&#8221;0px|0px|0px|0px|false|false&#8221; custom_padding=&#8221;0px|0px|23px|0px|false|false&#8221; locked=&#8221;off&#8221; global_colors_info=&#8221;{}&#8221;][et_pb_column type=&#8221;4_4&#8243; _builder_version=&#8221;4.19.4&#8243; _module_preset=&#8221;default&#8221; global_colors_info=&#8221;{}&#8221;][\/et_pb_column][\/et_pb_row][et_pb_row column_structure=&#8221;2_5,3_5&#8243; _builder_version=&#8221;4.24.3&#8243; _module_preset=&#8221;default&#8221; locked=&#8221;off&#8221; global_colors_info=&#8221;{}&#8221;][et_pb_column type=&#8221;2_5&#8243; _builder_version=&#8221;4.24.3&#8243; _module_preset=&#8221;default&#8221; global_colors_info=&#8221;{}&#8221;][\/et_pb_column][et_pb_column type=&#8221;3_5&#8243; _builder_version=&#8221;4.24.3&#8243; _module_preset=&#8221;default&#8221; global_colors_info=&#8221;{}&#8221;][\/et_pb_column][\/et_pb_row][\/et_pb_section][et_pb_section fb_built=&#8221;1&#8243; admin_label=&#8221;Section&#8221; module_class=&#8221;body-content&#8221; _builder_version=&#8221;4.19.5&#8243; _module_preset=&#8221;default&#8221; width=&#8221;1500px&#8221; max_width=&#8221;100%&#8221; module_alignment=&#8221;center&#8221; custom_margin=&#8221;0px||0px|0px|false|false&#8221; custom_padding=&#8221;0px|0px|180px|0px|false|false&#8221; locked=&#8221;off&#8221; global_colors_info=&#8221;{}&#8221;][et_pb_row _builder_version=&#8221;4.19.5&#8243; _module_preset=&#8221;default&#8221; width=&#8221;900px&#8221; max_width=&#8221;100%&#8221; custom_margin=&#8221;0px||0px|0px|false|false&#8221; custom_padding=&#8221;0px||0px|0px|false|false&#8221; global_colors_info=&#8221;{}&#8221;][et_pb_column type=&#8221;4_4&#8243; _builder_version=&#8221;4.19.4&#8243; _module_preset=&#8221;default&#8221; global_colors_info=&#8221;{}&#8221;][et_pb_text module_class=&#8221;text&#8221; _builder_version=&#8221;4.27.4&#8243; _module_preset=&#8221;default&#8221; width=&#8221;100%&#8221; max_width=&#8221;100%&#8221; custom_margin=&#8221;|0px||0px|false|false&#8221; custom_padding=&#8221;|0px||0px|false|false&#8221; global_colors_info=&#8221;{}&#8221;]<\/p>\n<p>Vous avez des questions ? Contactez-nous \u00e0 <a class=\"link\" href=\"mailto:espaifotografic@gmail.com\">espaifotografic@gmail.com<\/a><\/p>\n<p>[\/et_pb_text][\/et_pb_column][\/et_pb_row][\/et_pb_section]<\/p>\n","protected":false},"excerpt":{"rendered":"<p>Transparence Revela&#8217;t 2024\u00c0 l&#8217;Association Photographique EspaiFoto, nous comprenons que la transparence est une valeur fondamentale pour la confiance et la durabilit\u00e9 de notre projet culturel. C&#8217;est pourquoi nous souhaitons partager de mani\u00e8re claire et accessible les informations li\u00e9es \u00e0 la gestion \u00e9conomique et organisationnelle du Festival Revela\u2019T. Gestion \u00e9conomique Le festival dispose d&#8217;une structure de [&hellip;]<\/p>\n","protected":false},"author":8,"featured_media":0,"parent":0,"menu_order":0,"comment_status":"closed","ping_status":"closed","template":"","meta":{"_et_pb_use_builder":"on","_et_pb_old_content":"<!-- wp:divi\/placeholder \/-->","_et_gb_content_width":"","om_disable_all_campaigns":false,"footnotes":""},"class_list":["post-41370","page","type-page","status-publish","hentry"],"aioseo_notices":[],"_links":{"self":[{"href":"https:\/\/revela-t.cat\/2025\/wp-json\/wp\/v2\/pages\/41370","targetHints":{"allow":["GET"]}}],"collection":[{"href":"https:\/\/revela-t.cat\/2025\/wp-json\/wp\/v2\/pages"}],"about":[{"href":"https:\/\/revela-t.cat\/2025\/wp-json\/wp\/v2\/types\/page"}],"author":[{"embeddable":true,"href":"https:\/\/revela-t.cat\/2025\/wp-json\/wp\/v2\/users\/8"}],"replies":[{"embeddable":true,"href":"https:\/\/revela-t.cat\/2025\/wp-json\/wp\/v2\/comments?post=41370"}],"version-history":[{"count":0,"href":"https:\/\/revela-t.cat\/2025\/wp-json\/wp\/v2\/pages\/41370\/revisions"}],"wp:attachment":[{"href":"https:\/\/revela-t.cat\/2025\/wp-json\/wp\/v2\/media?parent=41370"}],"curies":[{"name":"wp","href":"https:\/\/api.w.org\/{rel}","templated":true}]}}