{"id":41157,"date":"2025-04-07T12:07:44","date_gmt":"2025-04-07T10:07:44","guid":{"rendered":"https:\/\/revela-t.cat\/2025\/?page_id=41157"},"modified":"2025-04-09T10:05:47","modified_gmt":"2025-04-09T08:05:47","slug":"lema-2025","status":"publish","type":"page","link":"https:\/\/revela-t.cat\/2025\/fr\/lema-2025\/","title":{"rendered":"Slogan 2025"},"content":{"rendered":"<p>[et_pb_section fb_built=&#8221;1&#8243; admin_label=&#8221;Section&#8221; module_class=&#8221;body-content&#8221; _builder_version=&#8221;4.20.2&#8243; _module_preset=&#8221;default&#8221; width=&#8221;1500px&#8221; max_width=&#8221;100%&#8221; module_alignment=&#8221;center&#8221; custom_margin=&#8221;||0px||false|false&#8221; custom_padding=&#8221;48px||34px||false|false&#8221; locked=&#8221;off&#8221; global_colors_info=&#8221;{}&#8221;][et_pb_row _builder_version=&#8221;4.20.2&#8243; _module_preset=&#8221;default&#8221; width=&#8221;100%&#8221; max_width=&#8221;2560px&#8221; custom_margin=&#8221;0px|0px|0px|0px|false|false&#8221; custom_padding=&#8221;0px|0px|0px|0px|false|false&#8221; global_colors_info=&#8221;{}&#8221;][et_pb_column type=&#8221;4_4&#8243; _builder_version=&#8221;4.19.4&#8243; _module_preset=&#8221;default&#8221; global_colors_info=&#8221;{}&#8221;][et_pb_text module_class=&#8221;title&#8221; _builder_version=&#8221;4.27.4&#8243; _module_preset=&#8221;default&#8221; text_text_color=&#8221;#000000&#8243; custom_padding=&#8221;||10px||false|false&#8221; custom_css_main_element=&#8221;@media (max-width: 2000px) {||.body-content {||  width: calc(100vw &#8211; 80px);||  margin: 0 40px 0 40px;||}||}&#8221; border_width_bottom=&#8221;1px&#8221; border_color_bottom=&#8221;#000000&#8243; global_colors_info=&#8221;{}&#8221;]<\/p>\n<h1><span style=\"color: #000000;\"><strong>&#8220;J&#8217;ai vu des choses que vous ne croiriez pas\u2026&#8221;<br \/><\/strong><\/span><\/h1>\n<p>[\/et_pb_text][et_pb_text _builder_version=&#8221;4.27.4&#8243; _module_preset=&#8221;default&#8221; global_colors_info=&#8221;{}&#8221;]<\/p>\n<h2><span style=\"font-weight: light;\">Le slogan de 2025<\/span><\/h2>\n<p>[\/et_pb_text][\/et_pb_column][\/et_pb_row][et_pb_row column_structure=&#8221;1_2,1_2&#8243; _builder_version=&#8221;4.20.2&#8243; _module_preset=&#8221;default&#8221; width=&#8221;100%&#8221; max_width=&#8221;100%&#8221; module_alignment=&#8221;left&#8221; min_height=&#8221;0px&#8221; custom_margin=&#8221;0px||0px|0px|false|false&#8221; custom_padding=&#8221;0px||0px|0px|false|false&#8221; locked=&#8221;off&#8221; global_colors_info=&#8221;{}&#8221;][et_pb_column type=&#8221;1_2&#8243; _builder_version=&#8221;4.19.4&#8243; _module_preset=&#8221;default&#8221; global_colors_info=&#8221;{}&#8221;][et_pb_text module_class=&#8221;text&#8221; _builder_version=&#8221;4.27.4&#8243; _module_preset=&#8221;default&#8221; width=&#8221;100%&#8221; max_width=&#8221;100%&#8221; custom_margin=&#8221;0px|0px|0px|0px|false|false&#8221; custom_padding=&#8221;50px|0px|0px|0px|false|false&#8221; custom_css_main_element=&#8221;margin-right: 20px !important;&#8221; global_colors_info=&#8221;{}&#8221;]<\/p>\n<p class=\"\" data-start=\"65\" data-end=\"466\">Avec ces mots commence le voyage de<strong> Revela\u2019t 2025.<\/strong><br data-start=\"115\" data-end=\"118\" \/>Un voyage qui prend pour point de d\u00e9part le monologue iconique <em data-start=\"181\" data-end=\"196\">Tears in Rain<\/em> de <em data-start=\"200\" data-end=\"214\">Blade Runner<\/em>, o\u00f9 le r\u00e9plicant Roy Batty (Rutger Hauer) parle d\u2019exp\u00e9riences uniques condamn\u00e9es \u00e0 dispara\u00eetre, comme des larmes sous la pluie. Qui ne s\u2019est jamais senti ainsi ? T\u00e9moin de ce qui est extraordinaire, sachant que peut-\u00eatre personne d\u2019autre ne le verra ?<\/p>\n<p class=\"\" data-start=\"468\" data-end=\"768\">C\u2019est ainsi que nous comprenons la photographie analogique : comme un acte de r\u00e9sistance et de m\u00e9moire dans un monde satur\u00e9 d\u2019images \u00e9ph\u00e9m\u00e8res. Depuis pr\u00e8s de deux si\u00e8cles, elle est le miroir de notre existence : visages, paysages, id\u00e9es, \u00e9motions, d\u00e9sirs\u2026 Tout ce qui fait de nous des \u00eatres humains.<\/p>\n<p class=\"\" data-start=\"770\" data-end=\"962\">Aujourd\u2019hui, dans un pr\u00e9sent o\u00f9 l\u2019intelligence artificielle brouille les fronti\u00e8res entre le r\u00e9el et l\u2019imagin\u00e9, nous nous demandons : <strong>pouvons-nous encore \u00eatre surpris ?<\/strong><br data-start=\"938\" data-end=\"941\" \/><strong>Nous croyons que oui.<\/strong><\/p>\n<p class=\"\" data-start=\"964\" data-end=\"1096\">C\u2019est pourquoi, cette ann\u00e9e, chaque exposition sera une fen\u00eatre ouverte sur des mondes qui semblent r\u00eav\u00e9s, mais qui sont bien r\u00e9els\u2026<\/p>\n<p class=\"\" data-start=\"1098\" data-end=\"1501\">Nous arrivons \u00e0 cette treizi\u00e8me \u00e9dition avec la m\u00eame passion que le premier jour et le d\u00e9sir de continuer bien au-del\u00e0.<br data-start=\"1217\" data-end=\"1220\" \/>Cela n\u2019a pas \u00e9t\u00e9 facile. Le chemin parcouru cette ann\u00e9e a \u00e9t\u00e9 sem\u00e9 d\u2019obstacles \u2014 surtout \u00e9conomiques \u2014 et nous ne pouvons pas cacher que l\u2019avenir du festival est incertain. Si les conditions ne changent pas, peut-\u00eatre que Revela\u2019t dispara\u00eetra aussi, comme ces larmes sous la pluie.<\/p>\n<p class=\"\" data-start=\"1503\" data-end=\"1782\">Mais aujourd\u2019hui, il ne s\u2019agit pas d\u2019un adieu, mais d\u2019une c\u00e9l\u00e9bration.<br data-start=\"1573\" data-end=\"1576\" \/>Parce que nous sommes arriv\u00e9s jusqu\u2019ici. Et tant que cela nous sera possible, nous continuerons \u00e0 faire en sorte que la photographie analogique puisse encore nous faire remettre bien des choses en question.<\/p>\n<p class=\"\" data-start=\"1784\" data-end=\"1950\">Esp\u00e9rons que le futur nous traitera comme la Tyrell Corporation a trait\u00e9 Rachael (Sean Young)\u2026<br data-start=\"1878\" data-end=\"1881\" \/>Et qu\u2019il nous laissera continuer le festival encore quelques saisons.<\/p>\n<p>&nbsp;<\/p>\n<p>[\/et_pb_text][\/et_pb_column][et_pb_column type=&#8221;1_2&#8243; _builder_version=&#8221;4.19.5&#8243; _module_preset=&#8221;default&#8221; global_colors_info=&#8221;{}&#8221;][et_pb_image src=&#8221;https:\/\/revela-t.cat\/2025\/wp-content\/uploads\/2025\/03\/poster-cat.jpg&#8221; title_text=&#8221;poster cat&#8221; _builder_version=&#8221;4.27.4&#8243; _module_preset=&#8221;default&#8221; custom_padding=&#8221;50px||||false|false&#8221; global_colors_info=&#8221;{}&#8221;][\/et_pb_image][\/et_pb_column][\/et_pb_row][\/et_pb_section][et_pb_section fb_built=&#8221;1&#8243; admin_label=&#8221;Section&#8221; module_class=&#8221;body-content&#8221; _builder_version=&#8221;4.19.5&#8243; _module_preset=&#8221;default&#8221; width=&#8221;1500px&#8221; max_width=&#8221;100%&#8221; module_alignment=&#8221;center&#8221; custom_margin=&#8221;0px||0px|0px|false|false&#8221; custom_padding=&#8221;0px|0px|180px|0px|false|false&#8221; locked=&#8221;off&#8221; global_colors_info=&#8221;{}&#8221;][et_pb_row _builder_version=&#8221;4.19.5&#8243; _module_preset=&#8221;default&#8221; width=&#8221;900px&#8221; max_width=&#8221;100%&#8221; custom_margin=&#8221;0px||0px|0px|false|false&#8221; custom_padding=&#8221;0px||0px|0px|false|false&#8221; global_colors_info=&#8221;{}&#8221;][et_pb_column type=&#8221;4_4&#8243; _builder_version=&#8221;4.19.4&#8243; _module_preset=&#8221;default&#8221; global_colors_info=&#8221;{}&#8221;][et_pb_text module_class=&#8221;text&#8221; _builder_version=&#8221;4.27.4&#8243; _module_preset=&#8221;default&#8221; width=&#8221;100%&#8221; max_width=&#8221;100%&#8221; custom_margin=&#8221;|0px||0px|false|false&#8221; custom_padding=&#8221;|0px||0px|false|false&#8221; hover_enabled=&#8221;0&#8243; global_colors_info=&#8221;{}&#8221; sticky_enabled=&#8221;0&#8243;]<\/p>\n<p class=\"\" data-start=\"36\" data-end=\"81\">Vous avez des questions ? Contactez-nous \u00e0 <a class=\"link\" href=\"mailto:espaifotografic@gmail.com\">espaifotografic@gmail.com<\/a><\/p>\n<p>[\/et_pb_text][\/et_pb_column][\/et_pb_row][\/et_pb_section]<\/p>\n","protected":false},"excerpt":{"rendered":"<p>&#8220;J&#8217;ai vu des choses que vous ne croiriez pas\u2026&#8221;Le slogan de 2025Avec ces mots commence le voyage de Revela\u2019t 2025.Un voyage qui prend pour point de d\u00e9part le monologue iconique Tears in Rain de Blade Runner, o\u00f9 le r\u00e9plicant Roy Batty (Rutger Hauer) parle d\u2019exp\u00e9riences uniques condamn\u00e9es \u00e0 dispara\u00eetre, comme des larmes sous la pluie. [&hellip;]<\/p>\n","protected":false},"author":8,"featured_media":0,"parent":0,"menu_order":0,"comment_status":"closed","ping_status":"closed","template":"","meta":{"_et_pb_use_builder":"on","_et_pb_old_content":"<!-- wp:divi\/placeholder \/-->","_et_gb_content_width":"","om_disable_all_campaigns":false,"footnotes":""},"class_list":["post-41157","page","type-page","status-publish","hentry"],"aioseo_notices":[],"_links":{"self":[{"href":"https:\/\/revela-t.cat\/2025\/wp-json\/wp\/v2\/pages\/41157","targetHints":{"allow":["GET"]}}],"collection":[{"href":"https:\/\/revela-t.cat\/2025\/wp-json\/wp\/v2\/pages"}],"about":[{"href":"https:\/\/revela-t.cat\/2025\/wp-json\/wp\/v2\/types\/page"}],"author":[{"embeddable":true,"href":"https:\/\/revela-t.cat\/2025\/wp-json\/wp\/v2\/users\/8"}],"replies":[{"embeddable":true,"href":"https:\/\/revela-t.cat\/2025\/wp-json\/wp\/v2\/comments?post=41157"}],"version-history":[{"count":0,"href":"https:\/\/revela-t.cat\/2025\/wp-json\/wp\/v2\/pages\/41157\/revisions"}],"wp:attachment":[{"href":"https:\/\/revela-t.cat\/2025\/wp-json\/wp\/v2\/media?parent=41157"}],"curies":[{"name":"wp","href":"https:\/\/api.w.org\/{rel}","templated":true}]}}