{"id":40766,"date":"2025-04-03T10:46:10","date_gmt":"2025-04-03T08:46:10","guid":{"rendered":"https:\/\/revela-t.cat\/2025\/?page_id=40766"},"modified":"2025-04-03T10:50:43","modified_gmt":"2025-04-03T08:50:43","slug":"conditions-dannulation","status":"publish","type":"page","link":"https:\/\/revela-t.cat\/2025\/fr\/conditions-dannulation\/","title":{"rendered":"Conditions d\u2019annulation"},"content":{"rendered":"<p>[et_pb_section fb_built=&#8221;1&#8243; module_class=&#8221;body-content&#8221; _builder_version=&#8221;4.20.2&#8243; _module_preset=&#8221;default&#8221; width=&#8221;1500px&#8221; max_width=&#8221;100%&#8221; module_alignment=&#8221;center&#8221; custom_margin=&#8221;||0px||false|false&#8221; custom_padding=&#8221;48px||34px||false|false&#8221; locked=&#8221;off&#8221; global_colors_info=&#8221;{}&#8221;][et_pb_row _builder_version=&#8221;4.20.2&#8243; _module_preset=&#8221;default&#8221; width=&#8221;100%&#8221; max_width=&#8221;2560px&#8221; custom_margin=&#8221;0px|0px|0px|0px|false|false&#8221; custom_padding=&#8221;0px|0px|0px|0px|false|false&#8221; global_colors_info=&#8221;{}&#8221;][et_pb_column type=&#8221;4_4&#8243; _builder_version=&#8221;4.19.4&#8243; _module_preset=&#8221;default&#8221; global_colors_info=&#8221;{}&#8221;][et_pb_text module_class=&#8221;title&#8221; _builder_version=&#8221;4.27.4&#8243; _module_preset=&#8221;default&#8221; text_text_color=&#8221;#000000&#8243; custom_padding=&#8221;||10px||false|false&#8221; custom_css_main_element=&#8221;@media (max-width: 2000px) {||.body-content {|| width: calc(100vw &#8211; 80px);|| margin: 0 40px 0 40px;||}||}&#8221; border_width_bottom=&#8221;1px&#8221; border_color_bottom=&#8221;#000000&#8243; global_colors_info=&#8221;{}&#8221;]<\/p>\n<h1><span style=\"color: #000000;\"><strong>Conditions d\u2019annulation<br \/><\/strong><\/span><\/h1>\n<p>[\/et_pb_text][\/et_pb_column][\/et_pb_row][\/et_pb_section][et_pb_section fb_built=&#8221;1&#8243; admin_label=&#8221;Section&#8221; module_class=&#8221;body-content&#8221; _builder_version=&#8221;4.20.2&#8243; _module_preset=&#8221;default&#8221; width=&#8221;1500px&#8221; max_width=&#8221;100%&#8221; module_alignment=&#8221;center&#8221; custom_margin=&#8221;0px|0px|180px|0px|false|false&#8221; custom_padding=&#8221;0px|0px|0px|0px|false|false&#8221; locked=&#8221;off&#8221; global_colors_info=&#8221;{}&#8221;][et_pb_row use_custom_gutter=&#8221;on&#8221; gutter_width=&#8221;1&#8243; _builder_version=&#8221;4.27.4&#8243; _module_preset=&#8221;default&#8221; width=&#8221;1500px&#8221; max_width=&#8221;100%&#8221; module_alignment=&#8221;left&#8221; min_height=&#8221;auto&#8221; custom_margin=&#8221;0px||0px|0px|false|false&#8221; custom_padding=&#8221;0px||0px|0px|false|false&#8221; global_colors_info=&#8221;{}&#8221;][et_pb_column type=&#8221;4_4&#8243; _builder_version=&#8221;4.19.4&#8243; _module_preset=&#8221;default&#8221; global_colors_info=&#8221;{}&#8221;][et_pb_text module_class=&#8221;text&#8221; _builder_version=&#8221;4.27.4&#8243; _module_preset=&#8221;default&#8221; width=&#8221;100%&#8221; max_width=&#8221;100%&#8221; custom_margin=&#8221;0px||0px|0px|false|false&#8221; custom_padding=&#8221;0px||0px|0px|false|false&#8221; hover_enabled=&#8221;0&#8243; global_colors_info=&#8221;{}&#8221; sticky_enabled=&#8221;0&#8243;]<\/p>\n<ul>\n<li>Nous comptons sur ta pr\u00e9sence \u00e0 nos ateliers ou autres activit\u00e9s du festival Revela\u2019t. Si, pour quelque raison que ce soit, tu dois annuler, nous te prions de nous en informer par <a href=\"mailto:espaifotografic@gmail.com\">e-mail<\/a> <strong data-start=\"187\" data-end=\"214\">au moins 15 jours avant<\/strong> le d\u00e9but de l\u2019activit\u00e9. Dans ce cas, nous te rembourserons le paiement.<\/li>\n<li>Si l\u2019annulation est notifi\u00e9e <strong data-start=\"317\" data-end=\"338\">moins de 15 jours<\/strong> avant la date de d\u00e9but de l\u2019activit\u00e9, nous retiendrons <strong data-start=\"394\" data-end=\"423\">la moiti\u00e9 du montant pay\u00e9<\/strong>.<\/li>\n<li>Aucun remboursement ne sera effectu\u00e9 <strong data-start=\"463\" data-end=\"493\">dans les 7 jours pr\u00e9c\u00e9dant<\/strong> le d\u00e9but de l\u2019activit\u00e9.<\/li>\n<li>Le Festival Revela\u2019t se r\u00e9serve le droit d\u2019annuler une activit\u00e9 qui ne r\u00e9pond pas aux exigences minimales d\u2019inscription. Si une activit\u00e9 devait \u00eatre annul\u00e9e, <strong data-start=\"677\" data-end=\"725\">le montant pay\u00e9 sera int\u00e9gralement rembours\u00e9<\/strong>.<\/li>\n<li>En cas d\u2019annulation, nous ne sommes pas responsables du remboursement des frais de voyage non remboursables. Nous te recommandons de <strong data-start=\"861\" data-end=\"903\">v\u00e9rifier la confirmation de l\u2019activit\u00e9<\/strong> avant d\u2019organiser ton d\u00e9placement.<\/li>\n<li>Malheureusement, <strong>aucune exception ne pourra \u00eatre faite<\/strong> \u00e0 notre politique d\u2019annulation.<\/li>\n<\/ul>\n<p>[\/et_pb_text][\/et_pb_column][\/et_pb_row][\/et_pb_section]<\/p>\n","protected":false},"excerpt":{"rendered":"<p>Conditions d\u2019annulation Nous comptons sur ta pr\u00e9sence \u00e0 nos ateliers ou autres activit\u00e9s du festival Revela\u2019t. Si, pour quelque raison que ce soit, tu dois annuler, nous te prions de nous en informer par e-mail au moins 15 jours avant le d\u00e9but de l\u2019activit\u00e9. Dans ce cas, nous te rembourserons le paiement. Si l\u2019annulation est [&hellip;]<\/p>\n","protected":false},"author":8,"featured_media":0,"parent":0,"menu_order":0,"comment_status":"closed","ping_status":"closed","template":"","meta":{"_et_pb_use_builder":"on","_et_pb_old_content":"","_et_gb_content_width":"","om_disable_all_campaigns":false,"footnotes":""},"class_list":["post-40766","page","type-page","status-publish","hentry"],"aioseo_notices":[],"_links":{"self":[{"href":"https:\/\/revela-t.cat\/2025\/wp-json\/wp\/v2\/pages\/40766","targetHints":{"allow":["GET"]}}],"collection":[{"href":"https:\/\/revela-t.cat\/2025\/wp-json\/wp\/v2\/pages"}],"about":[{"href":"https:\/\/revela-t.cat\/2025\/wp-json\/wp\/v2\/types\/page"}],"author":[{"embeddable":true,"href":"https:\/\/revela-t.cat\/2025\/wp-json\/wp\/v2\/users\/8"}],"replies":[{"embeddable":true,"href":"https:\/\/revela-t.cat\/2025\/wp-json\/wp\/v2\/comments?post=40766"}],"version-history":[{"count":0,"href":"https:\/\/revela-t.cat\/2025\/wp-json\/wp\/v2\/pages\/40766\/revisions"}],"wp:attachment":[{"href":"https:\/\/revela-t.cat\/2025\/wp-json\/wp\/v2\/media?parent=40766"}],"curies":[{"name":"wp","href":"https:\/\/api.w.org\/{rel}","templated":true}]}}