{"id":40372,"date":"2025-04-07T12:07:44","date_gmt":"2025-04-07T10:07:44","guid":{"rendered":"https:\/\/revela-t.cat\/2025\/?page_id=40372"},"modified":"2025-03-31T17:34:47","modified_gmt":"2025-03-31T15:34:47","slug":"lema_2025","status":"publish","type":"page","link":"https:\/\/revela-t.cat\/2025\/ca\/lema_2025\/","title":{"rendered":"Lema 2025"},"content":{"rendered":"<p>[et_pb_section fb_built=&#8221;1&#8243; admin_label=&#8221;Section&#8221; module_class=&#8221;body-content&#8221; _builder_version=&#8221;4.20.2&#8243; _module_preset=&#8221;default&#8221; width=&#8221;1500px&#8221; max_width=&#8221;100%&#8221; module_alignment=&#8221;center&#8221; custom_margin=&#8221;||0px||false|false&#8221; custom_padding=&#8221;48px||34px||false|false&#8221; locked=&#8221;off&#8221; global_colors_info=&#8221;{}&#8221;][et_pb_row _builder_version=&#8221;4.20.2&#8243; _module_preset=&#8221;default&#8221; width=&#8221;100%&#8221; max_width=&#8221;2560px&#8221; custom_margin=&#8221;0px|0px|0px|0px|false|false&#8221; custom_padding=&#8221;0px|0px|0px|0px|false|false&#8221; global_colors_info=&#8221;{}&#8221;][et_pb_column type=&#8221;4_4&#8243; _builder_version=&#8221;4.19.4&#8243; _module_preset=&#8221;default&#8221; global_colors_info=&#8221;{}&#8221;][et_pb_text module_class=&#8221;title&#8221; _builder_version=&#8221;4.27.4&#8243; _module_preset=&#8221;default&#8221; text_text_color=&#8221;#000000&#8243; custom_padding=&#8221;||10px||false|false&#8221; hover_enabled=&#8221;0&#8243; custom_css_main_element=&#8221;@media (max-width: 2000px) {||.body-content {||  width: calc(100vw &#8211; 80px);||  margin: 0 40px 0 40px;||}||}&#8221; border_width_bottom=&#8221;1px&#8221; border_color_bottom=&#8221;#000000&#8243; global_colors_info=&#8221;{}&#8221; sticky_enabled=&#8221;0&#8243;]<\/p>\n<h1><span style=\"color: #000000;\"><strong>\u201cHe vist coses que no creur\u00edeu&#8230;\u201d<br \/><\/strong><\/span><\/h1>\n<p>[\/et_pb_text][et_pb_text _builder_version=&#8221;4.27.4&#8243; _module_preset=&#8221;default&#8221; global_colors_info=&#8221;{}&#8221;]<\/p>\n<h2><span style=\"font-weight: light;\">El lema del 2025<\/span><\/h2>\n<p>[\/et_pb_text][\/et_pb_column][\/et_pb_row][et_pb_row column_structure=&#8221;1_2,1_2&#8243; _builder_version=&#8221;4.20.2&#8243; _module_preset=&#8221;default&#8221; width=&#8221;100%&#8221; max_width=&#8221;100%&#8221; module_alignment=&#8221;left&#8221; min_height=&#8221;0px&#8221; custom_margin=&#8221;0px||0px|0px|false|false&#8221; custom_padding=&#8221;0px||0px|0px|false|false&#8221; locked=&#8221;off&#8221; global_colors_info=&#8221;{}&#8221;][et_pb_column type=&#8221;1_2&#8243; _builder_version=&#8221;4.19.4&#8243; _module_preset=&#8221;default&#8221; global_colors_info=&#8221;{}&#8221;][et_pb_text module_class=&#8221;text&#8221; _builder_version=&#8221;4.27.4&#8243; _module_preset=&#8221;default&#8221; width=&#8221;100%&#8221; max_width=&#8221;100%&#8221; custom_margin=&#8221;0px|0px|0px|0px|false|false&#8221; custom_padding=&#8221;50px|0px|0px|0px|false|false&#8221; custom_css_main_element=&#8221;margin-right: 20px !important;&#8221; global_colors_info=&#8221;{}&#8221;]<\/p>\n<p class=\"p1\">Amb aquestes paraules comen\u00e7a el viatge del <strong>Revela\u2019t 2025<\/strong>. Un viatge que pren com a punt de partida l\u2019ic\u00f2nic mon\u00f2leg <em>Tears in Rain<\/em> de <em>Blade Runner<\/em>, on el replicant <em>Roy Batty (Rutger Hauer)<\/em> parla d\u2019experi\u00e8ncies \u00faniques condemnades a desapar\u00e8ixer, com ll\u00e0grimes sota la pluja. Qui no s\u2019ha sentit aix\u00ed alguna vegada? Testimoni de qu\u00e8 \u00e9s extraordinari, sabent que potser ning\u00fa m\u00e9s ho veur\u00e0?<\/p>\n<p class=\"p1\">Aix\u00ed entenem la fotografia anal\u00f2gica: com un acte de resist\u00e8ncia i de mem\u00f2ria en un m\u00f3n saturat d\u2019imatges que s\u2019esvaeixen. Durant gaireb\u00e9 dos segles, ha estat el mirall de la nostra exist\u00e8ncia: rostres, paisatges, idees, emocions, desitjos\u2026 Tot all\u00f2 que ens fa humans.<\/p>\n<p class=\"p1\">Avui, en un present on la intel\u00b7lig\u00e8ncia artificial difumina les fronteres entre el real i l\u2019imaginat, ens preguntem: <strong>encara podem sorprendre\u2019ns? Nosaltres creiem que s\u00ed.<\/strong><\/p>\n<p class=\"p1\">Per aix\u00f2, aquest any, cada exposici\u00f3 ser\u00e0 una finestra oberta a mons que semblen somiats, per\u00f2 que s\u00f3n ben reals&#8230;<\/p>\n<p class=\"p1\">Arribem a aquesta tretzena edici\u00f3 amb la mateixa passi\u00f3 que el primer dia i amb el desig de continuar molt m\u00e9s enll\u00e0. No ha estat f\u00e0cil. El cam\u00ed d\u2019enguany ha estat ple d\u2019obstacles \u2014sobretot econ\u00f2mics\u2014 i no podem amagar que el futur del festival \u00e9s incert. Si les condicions no canvien, potser el Revela\u2019t s&#8217;esvair\u00e0 tamb\u00e9, com aquelles ll\u00e0grimes sota la pluja.<\/p>\n<p class=\"p1\">Per\u00f2 avui no parlem de comiat, sin\u00f3 de celebraci\u00f3. Perqu\u00e8 hem arribat fins aqu\u00ed. I mentre ens sigui possible, continuarem fent que la fotografia anal\u00f2gica encara ens pugui fer q\u00fcestionar moltes coses.<\/p>\n<p class=\"p1\">Tant de bo el futur ens tracti com la <em>Tyrell Corporation<\/em> va fer amb la<em> Rachael (Sean Young)<\/em> \u2026 I ens deixi continuar fent el festival algunes temporades m\u00e9s.<\/p>\n<p>&nbsp;<\/p>\n<p>&nbsp;<\/p>\n<p>[\/et_pb_text][\/et_pb_column][et_pb_column type=&#8221;1_2&#8243; _builder_version=&#8221;4.19.5&#8243; _module_preset=&#8221;default&#8221; global_colors_info=&#8221;{}&#8221;][et_pb_image src=&#8221;https:\/\/revela-t.cat\/2025\/wp-content\/uploads\/2025\/03\/poster-cat.jpg&#8221; title_text=&#8221;poster cat&#8221; _builder_version=&#8221;4.27.4&#8243; _module_preset=&#8221;default&#8221; custom_padding=&#8221;50px||||false|false&#8221; global_colors_info=&#8221;{}&#8221;][\/et_pb_image][\/et_pb_column][\/et_pb_row][\/et_pb_section][et_pb_section fb_built=&#8221;1&#8243; admin_label=&#8221;Section&#8221; module_class=&#8221;body-content&#8221; _builder_version=&#8221;4.19.5&#8243; _module_preset=&#8221;default&#8221; width=&#8221;1500px&#8221; max_width=&#8221;100%&#8221; module_alignment=&#8221;center&#8221; custom_margin=&#8221;0px||0px|0px|false|false&#8221; custom_padding=&#8221;0px|0px|180px|0px|false|false&#8221; locked=&#8221;off&#8221; global_colors_info=&#8221;{}&#8221;][et_pb_row _builder_version=&#8221;4.19.5&#8243; _module_preset=&#8221;default&#8221; width=&#8221;900px&#8221; max_width=&#8221;100%&#8221; custom_margin=&#8221;0px||0px|0px|false|false&#8221; custom_padding=&#8221;0px||0px|0px|false|false&#8221; global_colors_info=&#8221;{}&#8221;][et_pb_column type=&#8221;4_4&#8243; _builder_version=&#8221;4.19.4&#8243; _module_preset=&#8221;default&#8221; global_colors_info=&#8221;{}&#8221;][et_pb_text module_class=&#8221;text&#8221; _builder_version=&#8221;4.27.4&#8243; _module_preset=&#8221;default&#8221; width=&#8221;100%&#8221; max_width=&#8221;100%&#8221; custom_margin=&#8221;|0px||0px|false|false&#8221; custom_padding=&#8221;|0px||0px|false|false&#8221; global_colors_info=&#8221;{}&#8221;]<\/p>\n<p>Tens algun dubte? Contacta amb nosaltres <a class=\"link\" href=\"mailto:espaifotografic@gmail.com\">espaifotografic@gmail.com<\/a><\/p>\n<p>[\/et_pb_text][\/et_pb_column][\/et_pb_row][\/et_pb_section]<\/p>\n","protected":false},"excerpt":{"rendered":"<p>\u201cHe vist coses que no creur\u00edeu&#8230;\u201dEl lema del 2025Amb aquestes paraules comen\u00e7a el viatge del Revela\u2019t 2025. Un viatge que pren com a punt de partida l\u2019ic\u00f2nic mon\u00f2leg Tears in Rain de Blade Runner, on el replicant Roy Batty (Rutger Hauer) parla d\u2019experi\u00e8ncies \u00faniques condemnades a desapar\u00e8ixer, com ll\u00e0grimes sota la pluja. Qui no s\u2019ha [&hellip;]<\/p>\n","protected":false},"author":8,"featured_media":0,"parent":0,"menu_order":0,"comment_status":"closed","ping_status":"closed","template":"","meta":{"_et_pb_use_builder":"on","_et_pb_old_content":"<!-- wp:divi\/placeholder \/-->","_et_gb_content_width":"","om_disable_all_campaigns":false,"footnotes":""},"class_list":["post-40372","page","type-page","status-publish","hentry"],"aioseo_notices":[],"_links":{"self":[{"href":"https:\/\/revela-t.cat\/2025\/wp-json\/wp\/v2\/pages\/40372","targetHints":{"allow":["GET"]}}],"collection":[{"href":"https:\/\/revela-t.cat\/2025\/wp-json\/wp\/v2\/pages"}],"about":[{"href":"https:\/\/revela-t.cat\/2025\/wp-json\/wp\/v2\/types\/page"}],"author":[{"embeddable":true,"href":"https:\/\/revela-t.cat\/2025\/wp-json\/wp\/v2\/users\/8"}],"replies":[{"embeddable":true,"href":"https:\/\/revela-t.cat\/2025\/wp-json\/wp\/v2\/comments?post=40372"}],"version-history":[{"count":0,"href":"https:\/\/revela-t.cat\/2025\/wp-json\/wp\/v2\/pages\/40372\/revisions"}],"wp:attachment":[{"href":"https:\/\/revela-t.cat\/2025\/wp-json\/wp\/v2\/media?parent=40372"}],"curies":[{"name":"wp","href":"https:\/\/api.w.org\/{rel}","templated":true}]}}