{"id":40341,"date":"2025-03-18T10:29:33","date_gmt":"2025-03-18T09:29:33","guid":{"rendered":"https:\/\/revela-t.cat\/2025\/?page_id=40341"},"modified":"2025-04-07T12:26:47","modified_gmt":"2025-04-07T10:26:47","slug":"nous_2025","status":"publish","type":"page","link":"https:\/\/revela-t.cat\/2025\/fr\/nous_2025\/","title":{"rendered":"Nous 2025"},"content":{"rendered":"<p>[et_pb_section fb_built=&#8221;1&#8243; module_class=&#8221;body-content&#8221; _builder_version=&#8221;4.27.4&#8243; _module_preset=&#8221;default&#8221; width=&#8221;1500px&#8221; max_width=&#8221;100%&#8221; module_alignment=&#8221;center&#8221; custom_margin=&#8221;0px|0px|0px|0px|false|false&#8221; custom_padding=&#8221;0px|0px|0px|0px|false|false&#8221; locked=&#8221;off&#8221; global_colors_info=&#8221;{}&#8221;][et_pb_row _builder_version=&#8221;4.27.4&#8243; _module_preset=&#8221;default&#8221; width=&#8221;100%&#8221; max_width=&#8221;2560px&#8221; custom_margin=&#8221;0px|0px|0px|0px|false|false&#8221; custom_padding=&#8221;0px|0px|0px|0px|false|false&#8221; collapsed=&#8221;off&#8221; global_colors_info=&#8221;{}&#8221;][et_pb_column type=&#8221;4_4&#8243; _builder_version=&#8221;4.19.4&#8243; _module_preset=&#8221;default&#8221; global_colors_info=&#8221;{}&#8221;][et_pb_text module_class=&#8221;title&#8221; _builder_version=&#8221;4.27.4&#8243; _module_preset=&#8221;default&#8221; text_text_color=&#8221;#000000&#8243; custom_padding=&#8221;||10px||false|false&#8221; custom_css_main_element=&#8221;@media (max-width: 2000px) {||.body-content {|| width: calc(100vw &#8211; 80px);|| margin: 0 40px 0 40px;||}||}&#8221; border_width_bottom=&#8221;1px&#8221; border_color_bottom=&#8221;#000000&#8243; global_colors_info=&#8221;{}&#8221;]<\/p>\n<h1><span style=\"color: #000000;\"><strong>Revela&#8217;t 2025<br \/><\/strong><\/span><\/h1>\n<p>[\/et_pb_text][\/et_pb_column][\/et_pb_row][et_pb_row column_structure=&#8221;1_2,1_2&#8243; _builder_version=&#8221;4.27.4&#8243; _module_preset=&#8221;default&#8221; width=&#8221;100%&#8221; max_width=&#8221;2560px&#8221; custom_margin=&#8221;0px|0px|0px|0px|false|false&#8221; custom_padding=&#8221;0px|0px|0px|0px|false|false&#8221; collapsed=&#8221;off&#8221; global_colors_info=&#8221;{}&#8221;][et_pb_column type=&#8221;1_2&#8243; _builder_version=&#8221;4.19.4&#8243; _module_preset=&#8221;default&#8221; global_colors_info=&#8221;{}&#8221;][et_pb_text _builder_version=&#8221;4.27.4&#8243; _module_preset=&#8221;default&#8221; custom_margin=&#8221;40px||||false|false&#8221; global_colors_info=&#8221;{}&#8221;]<\/p>\n<h3 class=\"p1\"><span style=\"font-size: large;\"><strong>Organiser<\/strong><\/span><\/h3>\n<p class=\"p1\"><span style=\"font-size: large;\"><span style=\"color: #000000;\">Associaci\u00f3 Fotogr\u00e0fica Espaifoto<\/span><b><br \/><\/b><\/span><\/p>\n<h3 class=\"p1\"><span style=\"font-size: large;\"><strong>Direction<\/strong><\/span><\/h3>\n<p class=\"p1\"><span style=\"font-size: large;\"><span style=\"color: #000000;\">Pep M\u00ednguez<\/span><b><br \/><\/b><\/span><\/p>\n<h3 class=\"p1\"><span style=\"font-size: large;\"><strong>Coordination et protocole<\/strong><\/span><\/h3>\n<p class=\"p1\"><span style=\"font-size: large; color: #000000;\">Laura Aparicio, Ana Sof\u00eda Farrera i Gl\u00f2ria Peruga<\/span><\/p>\n<h3 class=\"p1\"><span style=\"font-size: large;\"><strong>Coordinatrice du livre photo<\/strong><\/span><\/h3>\n<p class=\"p1\"><span style=\"font-size: large; color: #000000;\">Mireia Alises<\/span><\/p>\n<h3 class=\"p1\"><span style=\"font-size: large;\"><strong>Coordinateur consult\u00e9<\/strong><\/span><\/h3>\n<p class=\"p1\"><span style=\"font-size: large; color: #000000;\">Marc \u00c0vila<\/span><\/p>\n<h3 class=\"p1\"><span style=\"font-size: large;\"><strong>Production<\/strong><\/span><\/h3>\n<p class=\"p1\"><span style=\"font-size: large; color: #000000;\">Ainoa Guilera, M\u00aa Jos\u00e9 G. Ares i Salvador Alsina<\/span><\/p>\n<h3 class=\"p1\"><span style=\"font-size: large;\"><strong>Volontariat<\/strong><\/span><\/h3>\n<p class=\"p1\"><span style=\"font-size: large; color: #000000;\">Aina L\u00fctken<\/span><\/p>\n<h3 class=\"p1\"><span style=\"font-size: large;\"><strong>Conception et image<\/strong><\/span><\/h3>\n<p class=\"p1\"><span style=\"font-size: large; color: #000000;\">Estudio Feij\u00f3o<\/span><\/p>\n<h3 class=\"p1\"><span style=\"font-size: large;\"><strong>Web<br \/><\/strong><\/span><\/h3>\n<p class=\"p1\"><span style=\"font-size: large; color: #000000;\">\u00d2scar Ciutat<br \/><\/span><\/p>\n<h3 class=\"p1\"><span style=\"font-size: large;\"><strong>R\u00e9seaux sociaux<\/strong><\/span><\/h3>\n<p class=\"p1\"><span style=\"font-size: large; color: #000000;\">Ana Sof\u00eda Farrera i Alfonso Fornes &amp; co<\/span><\/p>\n<h3><span style=\"font-size: large;\"><strong>Presse<\/strong><\/span><\/h3>\n<p class=\"p1\"><span style=\"font-size: large; color: #000000;\">C\u00f2smica<\/span><\/p>\n<h3 class=\"p1\"><span style=\"font-size: large;\"><strong>Projets \u00e9ducatifs et activit\u00e9s de formation<\/strong><\/span><\/h3>\n<p class=\"p1\"><span style=\"font-size: large; color: #000000;\">Salvador Alsina, Juan L. Ronco i Sergi P\u00e9rez<br \/><\/span><\/p>\n<h3 class=\"p1\"><span style=\"font-size: large;\"><strong>Photographie et vid\u00e9o<br \/><\/strong><\/span><\/h3>\n<p class=\"p1\"><span style=\"font-size: large; color: #000000;\">Pep Prats i Pere Lloveras<\/span><\/p>\n<h3 class=\"p1\"><span style=\"font-size: large;\"><strong>Les \u00e9tudiants en pratique<\/strong><\/span><\/h3>\n<p class=\"p1\"><span style=\"font-size: large; color: #000000;\">Najoi El Hmidi, \u00c0lex Villacampa, Andrea Ruano i Mar Espin<\/span><\/p>\n<h3 class=\"p1\"><span style=\"font-size: large;\"><strong>Visites guid\u00e9es<\/strong><\/span><\/h3>\n<p><span style=\"font-size: large; color: #000000;\">Berta Mogdasy i Maria Vil\u00e0<\/span><\/p>\n<p>&nbsp;<\/p>\n<p>[\/et_pb_text][\/et_pb_column][et_pb_column type=&#8221;1_2&#8243; _builder_version=&#8221;4.19.4&#8243; _module_preset=&#8221;default&#8221; global_colors_info=&#8221;{}&#8221;][et_pb_gallery gallery_ids=&#8221;28127,28125,28120,28131,28130,28129,28128,28123,28126,28121,28132,28122,28133,28135,28134,28136,28138&#8243; fullwidth=&#8221;on&#8221; _builder_version=&#8221;4.27.4&#8243; _module_preset=&#8221;default&#8221; width=&#8221;900px&#8221; max_width=&#8221;100%&#8221; module_alignment=&#8221;left&#8221; custom_margin=&#8221;50px||||false|false&#8221; custom_padding=&#8221;||70px||false|false&#8221; auto=&#8221;on&#8221; auto_speed=&#8221;6000&#8243; custom_css_main_element=&#8221;height: fit-content !important;&#8221; locked=&#8221;off&#8221; global_colors_info=&#8221;{}&#8221;][\/et_pb_gallery][et_pb_text _builder_version=&#8221;4.27.4&#8243; _module_preset=&#8221;default&#8221; transform_translate=&#8221;0px|-100px&#8221; transform_translate_linked=&#8221;off&#8221; width=&#8221;100%&#8221; custom_margin=&#8221;70px||||false|false&#8221; global_colors_info=&#8221;{}&#8221;]<\/p>\n<p>&nbsp;<\/p>\n<p><span style=\"color: #0a0a0a; font-size: large;\">Tout a commenc\u00e9 en 2013 comme une rencontre pour les passionn\u00e9s de photographie analogique. Devant le succ\u00e8s de l&#8217;appel, les participants eux-m\u00eames nous ont encourag\u00e9s \u00e0 continuer. Ainsi, nous avons r\u00e9alis\u00e9 que nous \u00e9tions le premier festival au monde exclusivement d\u00e9di\u00e9 \u00e0 la photographie analogique, devenant ainsi une r\u00e9f\u00e9rence pour des initiatives dans d&#8217;autres pays. Depuis lors, nous avons c\u00e9l\u00e9br\u00e9 douze \u00e9ditions !<\/span><\/p>\n<p><span style=\"font-size: large; color: #0a0a0a;\">Notre objectif est de devenir un point de rencontre pour la r\u00e9flexion et la cr\u00e9ation autour de la photographie analogique, mais au-del\u00e0 des processus techniques, nous nous concentrons sur les histoires que racontent les images et sur la profondeur qui se cache derri\u00e8re chaque projet. C&#8217;est pourquoi, chaque \u00e9dition, nous choisissons un th\u00e8me central qui inspire les expositions. Pour l&#8217;\u00e9dition 2025, le th\u00e8me est \u201cJ&#8217;ai vu des choses que vous ne croiriez pas\u2026\u201d, une phrase tir\u00e9e du monologue final iconique du film <em data-start=\"972\" data-end=\"986\">Blade Runner<\/em>, et nous sommes s\u00fbrs que vous y verrez des choses extraordinaires.<\/span><\/p>\n<p><span style=\"font-size: large; color: #0a0a0a;\">Depuis la premi\u00e8re \u00e9dition, nous avons la complicit\u00e9 de photographes renomm\u00e9s du monde entier, ce qui nous a permis de pr\u00e9senter des expositions de grande qualit\u00e9. Ces projets, ainsi que ceux s\u00e9lectionn\u00e9s lors de l&#8217;appel \u00e0 candidatures, composent la programmation des expositions. Pour l&#8217;\u00e9dition 2025, nous avons re\u00e7u 655 propositions de 62 pays diff\u00e9rents, un indicateur clair du niveau d&#8217;internationalisation que nous avons atteint. Et 196 propositions pour la Vision de Portfolios.<\/span><\/p>\n<p><span style=\"font-size: large; color: #0a0a0a;\">Ce chemin n&#8217;aurait pas \u00e9t\u00e9 possible sans le soutien de diverses institutions et entit\u00e9s, publiques et priv\u00e9es, ainsi que la collaboration essentielle de notre communaut\u00e9 d&#8217;amis du Revela\u2019t, de m\u00e9c\u00e8nes et de notre pr\u00e9cieux \u00e9quipe de b\u00e9n\u00e9voles.<\/span><\/p>\n<p><span style=\"font-size: large; color: #0a0a0a;\">En plus des expositions, nous proposons un large \u00e9ventail d&#8217;activit\u00e9s pour les amateurs de photographie et d&#8217;art : conf\u00e9rences, ateliers, projections, march\u00e9s et bien plus encore. Chaque \u00e9dition est une occasion de se connecter avec d&#8217;autres passionn\u00e9s et de faire partie d&#8217;une communaut\u00e9 diversifi\u00e9e et accueillante.<\/span><\/p>\n<p><span style=\"font-size: large; color: #0a0a0a;\">Le festival est l&#8217;excuse parfaite pour profiter ensemble de notre passion partag\u00e9e pour la photographie analogique. <strong>Nous vous attendons au Revela\u2019t 2025 !<\/strong><\/span><\/p>\n<p>[\/et_pb_text][\/et_pb_column][\/et_pb_row][et_pb_row _builder_version=&#8221;4.27.4&#8243; _module_preset=&#8221;default&#8221; width=&#8221;100%&#8221; max_width=&#8221;100%&#8221; module_alignment=&#8221;left&#8221; custom_margin=&#8221;0px||||false|false&#8221; global_colors_info=&#8221;{}&#8221;][et_pb_column type=&#8221;4_4&#8243; _builder_version=&#8221;4.23.1&#8243; _module_preset=&#8221;default&#8221; global_colors_info=&#8221;{}&#8221;][et_pb_text _builder_version=&#8221;4.27.4&#8243; _module_preset=&#8221;default&#8221; header_font_size=&#8221;74px&#8221; transform_translate_linked=&#8221;off&#8221; transform_origin=&#8221;117%|50%&#8221; width=&#8221;100%&#8221; max_width=&#8221;100%&#8221; module_alignment=&#8221;center&#8221; custom_margin=&#8221;0px||||false|false&#8221; global_colors_info=&#8221;{}&#8221;]<\/p>\n<h3 class=\"p1\"><span style=\"font-size: large;\"><strong>Amis Revela&#8217;t<br \/><\/strong><\/span><\/h3>\n<p><span style=\"font-size: large; color: #000000;\">Beatriz Agullo, C\u00e8lia Arnau, Jacques Barbier, Ana Belen Barreales Elias, Jaume Bonet, Helena Borjesson, Rafael Borrego Giraldez, Pablo Braulio, David Caballero, Nuria Cabrera Sancho, Josep Casacuberta, Egl\u00e9 Casagrande, Angel Codina Font, Mateo Combariza, Clara Cuss\u00f3 Ruiz, Cristina Drafta, Daniel Esta\u00f1ol Torres, Llu\u00eds Estopi\u00f1an, Dimas F\u00e0bregas, Gianluigi Fraiese, Carlos Gili, Alba Gonz\u00e1lez, Jose Guindos, Mikel Guirado, Alfredo Herrezuelo, Ramon Juvany, Daria Ksenofontova, Didac Lluent, Justin Long, Juan Jose Lopez Jimenez, Francesco Marongiu, Rebeca Martinez, Rebeca Martinez, Eulalia Mart\u00ednez, Soledad Martinez Joher, Vicen\u00e7 Mata, Jose Maria Mercader Torreiro, Lola Montserrat, Ilaria Murabito, Elina Nilsson, Xavi Padros, Laura Pages Forne, Albert Palaudaries, Angel Palomar, Ramon Panosa Serrats, Pep Perez, St\u00e9phanie Probst, Ruben Reinares Saenz, Nuria Andua Rodenas, Joana Rosa Comas, Vicens Rovira, Israel Sabater, Guillermo Salazar Solans, Jordi Salewski, Andreu Santos-Olmo Sorli, Mar\u00e7al Santos-Olmo Sorli, Pablo Sanchez Fernandez, Axel Serrat, Francesc Soldevila, Joan Sorolla, Xavier Torruella, Tanja Upravitelev, Josep Vall y Cesar Vercher.<\/span><\/p>\n<p>&nbsp;<\/p>\n<h3 class=\"p1\"><span style=\"font-size: large;\"><strong>B\u00e9n\u00e9voles \u00e9dition 2024<br \/><\/strong><\/span><\/h3>\n<p><span style=\"font-size: large; color: #000000;\">M\u00aa Angels Abell\u00e1n, Montse Abell\u00e1n, Vicky Acosta, Adri\u00e1n, Laura Albornoz, Isabel Amor\u00f3s, Debora Andres, M\u00aa Antonia, Elena Aragon\u00e9s, Sabrina \u00c1vila, Manuel Benito, \u00c0ngels Bl\u00e0zquez, Paula Bueso, Carolina Cancelo, Laura Caraballo, Ana Carreres, Roos Chen, Gabriel Chuan, Marta Chueca, Daniel Comas, Mateo Combariza, Anna Cort\u00e9s, Diego Cu\u00e9llar, Karin Dilge, Pilar Dolon, Aleix Duny\u00f3, Luc\u00eda D\u00edaz, Samir Gallego, Nerea Gast\u00f3n, Giada Giannoccaro, Henar Gimeno, J\u00falia Gim\u00e9nez, N\u00faria Gim\u00e9nez, Nacho Giralt, Elisenda Guedea, Nuria Guill\u00e9n, David Hern\u00e1ndez, Anne Hindennach, Montserrat Hosta, \u00cdzan, Julen Iztueta, Ashlly Javillonar, Gianella Jiron, S\u00edlvia Jordan, Arwa Kayyali, Cristian Kemmer, Giulio Lazzarini, Andrea Lema, Merc\u00e8 Marquet, Salvador Marti, Ena Mart\u00ednez, Silvia Mart\u00ednez, Evelyn Mesa, Alex Mestre, Mateo Miranda, Ariana Monzon, M\u00e0rius Ortiz, Elodie Pagador, Valentina Pav\u00f3n, Lidia Peret, Ana Pinto, Jos\u00e9 Pirt, Rosa Maria Prats, Clara Ferrer P\u00e9rez, Londy Ramazzini, Marina Romero, Bego\u00f1a Ruiz, Marta Sabater, Arnau Saborit, Llu\u00eds Sabri\u00e0, Toni Sala, Encarna S\u00e1nchez, Aina Sangr\u00e0, Aitor Silla, Mariana Simonelli, Luc\u00eda Soto, Celia Teso, Joan Trujillo, Brunna Urbano, Enrica Valdes, Clara V\u00e1zquez, Ester Vila, Alba Vilarrubla, Mayra Villaverde, Patricia V\u00edlchez, Maite Zabalza, Antonella Zucchero.<\/span><\/p>\n<p>[\/et_pb_text][\/et_pb_column][\/et_pb_row][\/et_pb_section][et_pb_section fb_built=&#8221;1&#8243; _builder_version=&#8221;4.23.1&#8243; _module_preset=&#8221;default&#8221; width=&#8221;1500px&#8221; max_width=&#8221;95%&#8221; module_alignment=&#8221;center&#8221; custom_margin=&#8221;-50px||||false|false&#8221; global_colors_info=&#8221;{}&#8221;][et_pb_row _builder_version=&#8221;4.23.1&#8243; _module_preset=&#8221;default&#8221; width=&#8221;100%&#8221; max_width=&#8221;1500px&#8221; module_alignment=&#8221;center&#8221; global_colors_info=&#8221;{}&#8221;][et_pb_column type=&#8221;4_4&#8243; _builder_version=&#8221;4.23.1&#8243; _module_preset=&#8221;default&#8221; global_colors_info=&#8221;{}&#8221;][et_pb_text _builder_version=&#8221;4.27.4&#8243; _module_preset=&#8221;default&#8221; global_colors_info=&#8221;{}&#8221;]<\/p>\n<h2><strong>Sponsors<\/strong><\/h2>\n<p>[\/et_pb_text][et_pb_divider _builder_version=&#8221;4.23.1&#8243; _module_preset=&#8221;default&#8221; custom_margin=&#8221;-30px||||false|false&#8221; filter_brightness=&#8221;0%&#8221; global_colors_info=&#8221;{}&#8221;][\/et_pb_divider][et_pb_text _builder_version=&#8221;4.27.4&#8243; _module_preset=&#8221;default&#8221; custom_margin=&#8221;-45px||||false|false&#8221; locked=&#8221;off&#8221; global_colors_info=&#8221;{}&#8221;]<\/p>\n<p>&nbsp;<\/p>\n<p><span style=\"font-size: large; color: #0a0a0a;\"><strong>Avec le soutien de\u2026<\/strong><br \/>D\u00e9partement de la Culture de la Generalitat de Catalogne, Mairie de Vilassar de Dalt, Diputaci\u00f3n de Barcelone, Sorli, Sorli Emocions, Fujifilm et Comas &amp; Partners.<\/span><\/p>\n<p>&nbsp;<\/p>\n<p><span style=\"font-size: large; color: #0a0a0a;\"><strong>Avec la collaboration de\u2026<\/strong><br \/>EGM, Kitoli, Shooters Film Lab, VM Foto, Visual Korner, Arterri, GAD, Emesa, Impressionart, Yelo so i llum, Estrella Damm, Pint-Nova, Roger\u2019s, Vilapack, Emesa, Corma, Festival Floral.<\/span><\/p>\n<p>&nbsp;<\/p>\n<p><span style=\"font-size: large; color: #0a0a0a;\"><strong>Entit\u00e9s collaboratrices\u2026<\/strong><br \/><\/span><span style=\"font-size: large; color: #0a0a0a;\">Acci\u00f3n Culturelle Espagnole, Casa \u00c1sia, Vilassar Tourisme, Mus\u00e9e Archives de Vilassar de Dalt, La Massa Centre Culturel, TRESC, Carnet JOVE, Foto Cinema Matar\u00f3. <\/span><\/p>\n<p>[\/et_pb_text][\/et_pb_column][\/et_pb_row][\/et_pb_section][et_pb_section fb_built=&#8221;1&#8243; module_class=&#8221;body-content&#8221; _builder_version=&#8221;4.23.1&#8243; _module_preset=&#8221;default&#8221; positioning=&#8221;none&#8221; width=&#8221;1500px&#8221; max_width=&#8221;100%&#8221; module_alignment=&#8221;center&#8221; custom_margin=&#8221;0px||0px|0px|false|false&#8221; custom_padding=&#8221;0px|0px|180px|0px|false|false&#8221; locked=&#8221;off&#8221; global_colors_info=&#8221;{}&#8221;][et_pb_row _builder_version=&#8221;4.19.5&#8243; _module_preset=&#8221;default&#8221; width=&#8221;900px&#8221; max_width=&#8221;100%&#8221; custom_margin=&#8221;0px||0px|0px|false|false&#8221; custom_padding=&#8221;0px||0px|0px|false|false&#8221; global_colors_info=&#8221;{}&#8221;][et_pb_column type=&#8221;4_4&#8243; _builder_version=&#8221;4.19.4&#8243; _module_preset=&#8221;default&#8221; global_colors_info=&#8221;{}&#8221;][et_pb_text module_class=&#8221;text&#8221; _builder_version=&#8221;4.27.4&#8243; _module_preset=&#8221;default&#8221; width=&#8221;100%&#8221; max_width=&#8221;100%&#8221; custom_margin=&#8221;75px|0px|-20px|0px|false|false&#8221; custom_padding=&#8221;|0px||0px|false|false&#8221; hover_enabled=&#8221;0&#8243; global_colors_info=&#8221;{}&#8221; sticky_enabled=&#8221;0&#8243;]<\/p>\n<p>Vous avez des questions ? Contactez-nous \u00e0 <a class=\"link\" href=\"mailto:espaifotografic@gmail.com\">espaifotografic@gmail.com<\/a><\/p>\n<p>[\/et_pb_text][\/et_pb_column][\/et_pb_row][\/et_pb_section]<\/p>\n","protected":false},"excerpt":{"rendered":"<p>Revela&#8217;t 2025Organiser Associaci\u00f3 Fotogr\u00e0fica Espaifoto Direction Pep M\u00ednguez Coordination et protocole Laura Aparicio, Ana Sof\u00eda Farrera i Gl\u00f2ria Peruga Coordinatrice du livre photo Mireia Alises Coordinateur consult\u00e9 Marc \u00c0vila Production Ainoa Guilera, M\u00aa Jos\u00e9 G. Ares i Salvador Alsina Volontariat Aina L\u00fctken Conception et image Estudio Feij\u00f3o Web \u00d2scar Ciutat R\u00e9seaux sociaux Ana Sof\u00eda Farrera [&hellip;]<\/p>\n","protected":false},"author":8,"featured_media":0,"parent":0,"menu_order":0,"comment_status":"closed","ping_status":"closed","template":"","meta":{"_et_pb_use_builder":"on","_et_pb_old_content":"","_et_gb_content_width":"","om_disable_all_campaigns":false,"footnotes":""},"class_list":["post-40341","page","type-page","status-publish","hentry"],"aioseo_notices":[],"_links":{"self":[{"href":"https:\/\/revela-t.cat\/2025\/wp-json\/wp\/v2\/pages\/40341","targetHints":{"allow":["GET"]}}],"collection":[{"href":"https:\/\/revela-t.cat\/2025\/wp-json\/wp\/v2\/pages"}],"about":[{"href":"https:\/\/revela-t.cat\/2025\/wp-json\/wp\/v2\/types\/page"}],"author":[{"embeddable":true,"href":"https:\/\/revela-t.cat\/2025\/wp-json\/wp\/v2\/users\/8"}],"replies":[{"embeddable":true,"href":"https:\/\/revela-t.cat\/2025\/wp-json\/wp\/v2\/comments?post=40341"}],"version-history":[{"count":0,"href":"https:\/\/revela-t.cat\/2025\/wp-json\/wp\/v2\/pages\/40341\/revisions"}],"wp:attachment":[{"href":"https:\/\/revela-t.cat\/2025\/wp-json\/wp\/v2\/media?parent=40341"}],"curies":[{"name":"wp","href":"https:\/\/api.w.org\/{rel}","templated":true}]}}