{"id":30788,"date":"2025-02-18T13:16:58","date_gmt":"2025-02-18T12:16:58","guid":{"rendered":"https:\/\/revela-t.cat\/2025\/?page_id=30788"},"modified":"2025-05-05T09:41:32","modified_gmt":"2025-05-05T07:41:32","slug":"jm_diaz_burgos_ca","status":"publish","type":"page","link":"https:\/\/revela-t.cat\/2025\/ca\/jm_diaz_burgos_ca\/","title":{"rendered":"Juan Manuel Diaz Burgos"},"content":{"rendered":"<p>[et_pb_section fb_built=&#8221;1&#8243; module_class=&#8221;body-content&#8221; _builder_version=&#8221;4.27.4&#8243; _module_preset=&#8221;default&#8221; width=&#8221;1500px&#8221; max_width=&#8221;100%&#8221; module_alignment=&#8221;center&#8221; custom_margin=&#8221;0px|0px|0px|0px|false|false&#8221; custom_padding=&#8221;0px|0px|0px|0px|false|false&#8221; locked=&#8221;off&#8221; global_colors_info=&#8221;{}&#8221;][et_pb_row _builder_version=&#8221;4.27.4&#8243; _module_preset=&#8221;default&#8221; width=&#8221;100%&#8221; max_width=&#8221;2560px&#8221; custom_margin=&#8221;0px|0px|0px|0px|false|false&#8221; custom_padding=&#8221;0px|0px|0px|0px|false|false&#8221; global_colors_info=&#8221;{}&#8221;][et_pb_column type=&#8221;4_4&#8243; _builder_version=&#8221;4.19.4&#8243; _module_preset=&#8221;default&#8221; global_colors_info=&#8221;{}&#8221;][et_pb_text module_class=&#8221;title&#8221; _builder_version=&#8221;4.27.4&#8243; _module_preset=&#8221;default&#8221; text_text_color=&#8221;#000000&#8243; custom_padding=&#8221;||10px||false|false&#8221; custom_css_main_element=&#8221;@media (max-width: 2000px) {||.body-content {|| width: calc(100vw &#8211; 80px);|| margin: 0 40px 0 40px;||}||}&#8221; border_width_bottom=&#8221;1px&#8221; border_color_bottom=&#8221;#000000&#8243; global_colors_info=&#8221;{}&#8221;]<\/p>\n<h1><span style=\"color: #000000;\"><strong>Juan Manuel D\u00edaz Burgos<\/strong><\/span><\/h1>\n<p>[\/et_pb_text][\/et_pb_column][\/et_pb_row][\/et_pb_section][et_pb_section fb_built=&#8221;1&#8243; module_class=&#8221;body-content&#8221; _builder_version=&#8221;4.19.5&#8243; _module_preset=&#8221;default&#8221; width=&#8221;1500px&#8221; max_width=&#8221;100%&#8221; module_alignment=&#8221;center&#8221; custom_margin=&#8221;0px|0px|0px||false|false&#8221; custom_padding=&#8221;0px|0px|0px|0px|false|false&#8221; locked=&#8221;off&#8221; global_colors_info=&#8221;{}&#8221;][et_pb_row column_structure=&#8221;1_2,1_2&#8243; use_custom_gutter=&#8221;on&#8221; gutter_width=&#8221;1&#8243; _builder_version=&#8221;4.19.5&#8243; _module_preset=&#8221;default&#8221; width=&#8221;100%&#8221; max_width=&#8221;2560px&#8221; module_alignment=&#8221;left&#8221; min_height=&#8221;105.7px&#8221; custom_margin=&#8221;0px||0px|0px|false|false&#8221; custom_padding=&#8221;0px||45px|0px|false|false&#8221; global_colors_info=&#8221;{}&#8221;][et_pb_column type=&#8221;1_2&#8243; _builder_version=&#8221;4.19.4&#8243; _module_preset=&#8221;default&#8221; global_colors_info=&#8221;{}&#8221;][et_pb_text module_class=&#8221;text&#8221; _builder_version=&#8221;4.27.4&#8243; _module_preset=&#8221;default&#8221; width=&#8221;100%&#8221; max_width=&#8221;100%&#8221; custom_margin=&#8221;||-2px|0px|false|false&#8221; custom_padding=&#8221;|||0px|false|false&#8221; global_colors_info=&#8221;{}&#8221;]<\/p>\n<h2><span style=\"font-weight: light;\">Movimiento Continuo<\/span><\/h2>\n<p>[\/et_pb_text][\/et_pb_column][et_pb_column type=&#8221;1_2&#8243; _builder_version=&#8221;4.19.4&#8243; _module_preset=&#8221;default&#8221; global_colors_info=&#8221;{}&#8221;][et_pb_text _builder_version=&#8221;4.27.4&#8243; _module_preset=&#8221;default&#8221; locked=&#8221;off&#8221; global_colors_info=&#8221;{}&#8221;]<\/p>\n<h3 style=\"text-align: right;\"><span style=\"color: #4f6a37;\"><a class=\"link\" style=\"color: #4f6a37;\" href=\"https:\/\/revela-t.cat\/2025\/exposicions_2025\/\" target=\"_blank\" rel=\"noopener\">&lt; Exposicions<\/a><br \/><\/span><\/h3>\n<p>[\/et_pb_text][\/et_pb_column][\/et_pb_row][\/et_pb_section][et_pb_section fb_built=&#8221;1&#8243; module_class=&#8221;body-content&#8221; _builder_version=&#8221;4.19.5&#8243; _module_preset=&#8221;default&#8221; width=&#8221;1500px&#8221; max_width=&#8221;100%&#8221; module_alignment=&#8221;center&#8221; custom_margin=&#8221;0px||0px||false|false&#8221; custom_padding=&#8221;0px|0px|180px|0px|false|false&#8221; locked=&#8221;off&#8221; global_colors_info=&#8221;{}&#8221;][et_pb_row column_structure=&#8221;3_4,1_4&#8243; use_custom_gutter=&#8221;on&#8221; gutter_width=&#8221;2&#8243; _builder_version=&#8221;4.19.5&#8243; _module_preset=&#8221;default&#8221; width=&#8221;100%&#8221; max_width=&#8221;100%&#8221; min_height=&#8221;182.7px&#8221; custom_margin=&#8221;||0px|0px|false|false&#8221; custom_padding=&#8221;0px||0px|0px|false|false&#8221; global_colors_info=&#8221;{}&#8221;][et_pb_column type=&#8221;3_4&#8243; _builder_version=&#8221;4.19.4&#8243; _module_preset=&#8221;default&#8221; global_colors_info=&#8221;{}&#8221;][et_pb_gallery gallery_ids=&#8221;30578,30579,30580,30581,30582&#8243; fullwidth=&#8221;on&#8221; _builder_version=&#8221;4.27.4&#8243; _module_preset=&#8221;default&#8221; width=&#8221;900px&#8221; max_width=&#8221;100%&#8221; module_alignment=&#8221;left&#8221; custom_margin=&#8221;||||false|false&#8221; custom_padding=&#8221;||70px||false|false&#8221; auto=&#8221;on&#8221; auto_speed=&#8221;6000&#8243; custom_css_main_element=&#8221;height: fit-content !important;&#8221; global_colors_info=&#8221;{}&#8221;][\/et_pb_gallery][et_pb_text module_class=&#8221;text&#8221; _builder_version=&#8221;4.27.4&#8243; _module_preset=&#8221;default&#8221; width=&#8221;900px&#8221; max_width=&#8221;100%&#8221; module_alignment=&#8221;left&#8221; min_height=&#8221;316px&#8221; custom_margin=&#8221;0px|0px|0px|0px|false|false&#8221; custom_padding=&#8221;0px|0px|90px|0px|false|false&#8221; global_colors_info=&#8221;{}&#8221;]<\/p>\n<p class=\"p1\">Tot comen\u00e7a l&#8217;any 1991, quan <strong>Juan Manuel D\u00edaz Burgos<\/strong> visita l&#8217;Havana per primera vegada, just a l&#8217;inici del &#8220;Per\u00edode Especial&#8221;, un moment de crisi despr\u00e9s de la caiguda de la Uni\u00f3 Sovi\u00e8tica. Atret per la ciutat i la seva gent, torna el 1995 amb un objectiu clar: fotografiar la vida del Malec\u00f3n, donant lloc al seu primer gran treball, <i>Malec\u00f3n de La Habana. El gran sof\u00e0<\/i>.<\/p>\n<p class=\"p1\">M\u00e9s endavant, la seva inquietud el porta a explorar una Havana m\u00e9s \u00edntima i desconeguda, allunyada del turisme, amb projectes com <i>La Habana. Visi\u00f3n interior<\/i>, <i>DESEO<\/i> i <i>Bienvenidos a La Boca<\/i>.<\/p>\n<p class=\"p1\"><strong><i>Movimiento Continuo<\/i> <\/strong>\u00e9s un projecte fotogr\u00e0fic que recull m\u00e9s de 32 anys d&#8217;observaci\u00f3 i documentaci\u00f3 de la vida a Cuba, un pa\u00eds on la creativitat i la resili\u00e8ncia s\u00f3n essencials per a la superviv\u00e8ncia.<\/p>\n<p class=\"p1\">Al llarg dels anys, l&#8217;autor ha estat testimoni de la capacitat dels cubans per &#8220;inventar i resoldre&#8221; qualsevol problema quotidi\u00e0. Des de bicicletes convertides en taxis fins a cotxes americans reinventats, cada imatge reflecteix enginy, adaptaci\u00f3 i lluita per la dignitat.<\/p>\n<p class=\"p1\">Aquest projecte \u00e9s un homenatge a la creativitat del poble cub\u00e0, que sempre troba una soluci\u00f3, fins i tot quan sembla impossible.<\/p>\n<p>[\/et_pb_text][\/et_pb_column][et_pb_column type=&#8221;1_4&#8243; _builder_version=&#8221;4.19.4&#8243; _module_preset=&#8221;default&#8221; global_colors_info=&#8221;{}&#8221;][et_pb_image src=&#8221;https:\/\/revela-t.cat\/2025\/wp-content\/uploads\/2025\/02\/J.M.DIAZ-BURGOS.jpg&#8221; alt=&#8221;Blanca Berlin&#8221; title_text=&#8221;J.M.DI\u0301AZ BURGOS&#8221; force_fullwidth=&#8221;on&#8221; _builder_version=&#8221;4.27.4&#8243; _module_preset=&#8221;default&#8221; custom_margin=&#8221;||0px||false|false&#8221; custom_padding=&#8221;||45px||false|false&#8221; global_colors_info=&#8221;{}&#8221;][\/et_pb_image][et_pb_text module_class=&#8221;text2&#8243; _builder_version=&#8221;4.27.4&#8243; _module_preset=&#8221;default&#8221; width=&#8221;100%&#8221; module_alignment=&#8221;left&#8221; custom_margin=&#8221;0px||0px||false|false&#8221; custom_padding=&#8221;0px||90px||false|false&#8221; global_colors_info=&#8221;{}&#8221;]<\/p>\n<p><strong>Juan Manuel D\u00edaz Burgos<\/strong> <strong>(Cartagena, Murcia)<\/strong><\/p>\n<p class=\"p1\">\u00c9s un narrador d&#8217;hist\u00f2ries visuals, un observador incansable de la vida quotidiana i un apassionat de la fotografia humanista. La seva relaci\u00f3 amb la imatge ha estat marcada per la seva fascinaci\u00f3 per la gent, els seus gestos, les seves costums i la capacitat de l&#8217;\u00e9sser hum\u00e0 per reinventar-se davant l&#8217;adversitat.<\/p>\n<p class=\"p1\">Des dels seus primers treballs fins als seus projectes m\u00e9s recents, la seva c\u00e0mera ha estat testimoni dels carrers de Cartagena, de l&#8217;ess\u00e8ncia immutable del Carib i, sobretot, de la vida a Cuba, un pa\u00eds que ha explorat durant m\u00e9s de 30 anys. Obres com <i>Malec\u00f3n de La Habana. El gran sof\u00e0<\/i> o <i>La Habana. Visi\u00f3n interior<\/i> han consolidat la seva mirada \u00fanica, sempre carregada d\u2019empatia i profunditat.<\/p>\n<p class=\"p1\">Al llarg de la seva traject\u00f2ria ha rebut nombrosos reconeixements i ha publicat m\u00e9s de quinze llibres, per\u00f2 continua trobant en la fotografia un espai d\u2019exploraci\u00f3 i descobriment.<\/p>\n<p><a href=\"https:\/\/www.instagram.com\/juanma_diazburgos\/\">@juanma_diazburgos<\/a><\/p>\n<p>[\/et_pb_text][et_pb_text _builder_version=&#8221;4.27.4&#8243; _module_preset=&#8221;default&#8221; locked=&#8221;off&#8221; global_colors_info=&#8221;{}&#8221;]<\/p>\n<p><span style=\"font-size: large; color: #000000;\">En col\u00b7laboraci\u00f3 amb<\/span><\/p>\n<p>&nbsp;<\/p>\n<p>[\/et_pb_text][et_pb_image src=&#8221;https:\/\/revela-t.cat\/2025\/wp-content\/uploads\/2025\/04\/logo_main_de669fa02c.png&#8221; title_text=&#8221;9 arterri&#8221; url=&#8221;https:\/\/fundacionmediterraneo.es\/&#8221; url_new_window=&#8221;on&#8221; _builder_version=&#8221;4.27.4&#8243; _module_preset=&#8221;default&#8221; hover_enabled=&#8221;0&#8243; locked=&#8221;off&#8221; global_colors_info=&#8221;{}&#8221; sticky_enabled=&#8221;0&#8243;][\/et_pb_image][et_pb_image src=&#8221;https:\/\/revela-t.cat\/2025\/wp-content\/uploads\/2024\/03\/9-arterri.jpg&#8221; title_text=&#8221;9 arterri&#8221; url=&#8221;http:\/\/arterri.com\/es\/inici\/&#8221; url_new_window=&#8221;on&#8221; _builder_version=&#8221;4.27.4&#8243; _module_preset=&#8221;default&#8221; hover_enabled=&#8221;0&#8243; locked=&#8221;off&#8221; global_colors_info=&#8221;{}&#8221; sticky_enabled=&#8221;0&#8243;][\/et_pb_image][\/et_pb_column][\/et_pb_row][\/et_pb_section]<\/p>\n","protected":false},"excerpt":{"rendered":"<p>Juan Manuel D\u00edaz BurgosMovimiento Continuo&lt; ExposicionsTot comen\u00e7a l&#8217;any 1991, quan Juan Manuel D\u00edaz Burgos visita l&#8217;Havana per primera vegada, just a l&#8217;inici del &#8220;Per\u00edode Especial&#8221;, un moment de crisi despr\u00e9s de la caiguda de la Uni\u00f3 Sovi\u00e8tica. Atret per la ciutat i la seva gent, torna el 1995 amb un objectiu clar: fotografiar la vida [&hellip;]<\/p>\n","protected":false},"author":8,"featured_media":0,"parent":0,"menu_order":0,"comment_status":"closed","ping_status":"closed","template":"","meta":{"_et_pb_use_builder":"on","_et_pb_old_content":"","_et_gb_content_width":"","om_disable_all_campaigns":false,"footnotes":""},"class_list":["post-30788","page","type-page","status-publish","hentry"],"aioseo_notices":[],"_links":{"self":[{"href":"https:\/\/revela-t.cat\/2025\/wp-json\/wp\/v2\/pages\/30788","targetHints":{"allow":["GET"]}}],"collection":[{"href":"https:\/\/revela-t.cat\/2025\/wp-json\/wp\/v2\/pages"}],"about":[{"href":"https:\/\/revela-t.cat\/2025\/wp-json\/wp\/v2\/types\/page"}],"author":[{"embeddable":true,"href":"https:\/\/revela-t.cat\/2025\/wp-json\/wp\/v2\/users\/8"}],"replies":[{"embeddable":true,"href":"https:\/\/revela-t.cat\/2025\/wp-json\/wp\/v2\/comments?post=30788"}],"version-history":[{"count":1,"href":"https:\/\/revela-t.cat\/2025\/wp-json\/wp\/v2\/pages\/30788\/revisions"}],"predecessor-version":[{"id":42640,"href":"https:\/\/revela-t.cat\/2025\/wp-json\/wp\/v2\/pages\/30788\/revisions\/42640"}],"wp:attachment":[{"href":"https:\/\/revela-t.cat\/2025\/wp-json\/wp\/v2\/media?parent=30788"}],"curies":[{"name":"wp","href":"https:\/\/api.w.org\/{rel}","templated":true}]}}